(-800)/(-150)).
18
Let k(b) = -b**3 + 22*b**2 + 25*b - 27. Let j(l) = 2*l**2 - 2*l - 17. Let h be j(5). Calculate the remainder when k(h) is divided by 17.
2
What is the remainder when (-9 + 476/51)/(((-4)/(-2))/5892) is divided by 5?
2
Suppose 0*w = -4*w + 84. Suppose -3*a + 863 = -325. Let k = a - 384. What is the remainder when w is divided by k?
9
Suppose -6*d - 170 = -11*d. Let z be 25*-7*(-12)/210. Let l(y) = -y**3 + 13*y**2 - 15*y + 15. What is the remainder when l(z) is divided by d?
29
Let s = 121 - 109. Let m(y) = -11*y**2 + 56*y - 2. Calculate the remainder when s is divided by m(5).
0
Let k = -10399 - -10417. Calculate the remainder when 2563 is divided by k.
7
Let u(x) = x - 2. Let h be (5 - 9)/(-1 - 0). Let q be u(h). Let z(j) = 3*j**3 + j**2 + j + 2. What is the remainder when z(q) is divided by 17?
15
Suppose 24 = 8*c - 8. Suppose 0 = -4*x + c*k + 64, 73 = 3*x - k + 31. Calculate the remainder when 140 is divided by x.
10
Suppose h = 5*r - 3667, -56*h - 3671 = -5*r - 53*h. What is the remainder when r is divided by 11?
7
Suppose 3*s = -k + 27, 5*k + 8*s - 67 = 10*s. Suppose -29*i + 2310 = -k*i. Calculate the remainder when i is divided by 42.
39
Let h(r) = 7*r**2 - 6*r - 2. Let g be h(-5). Let k = 3107 - 3186. Let c = k + g. What is the remainder when c is divided by 16?
12
Let u = -6470 - -8719. What is the remainder when u is divided by 141?
134
What is the remainder when (5 + 1217)*((-8)/5 - (-546)/260) is divided by 12?
11
Suppose -2*a - 2*x + 60 = 0, 6*a + 4*x = 3*a + 93. Suppose -15*z - a = -18*z. Calculate the remainder when 204 is divided by z.
6
Let d(g) = 13*g**2 - 39*g + 121. What is the remainder when 3877 is divided by d(8)?
31
Suppose 5*k - 2 = -p + 9, -9 = -3*p - 3*k. Calculate the remainder when -3*(-2 - p)*1 is divided by 1 - -8 - (-43 + 49).
0
Let f(v) = 5*v**2 + 5*v - 17. Calculate the remainder when f(4) is divided by 33.
17
Let i = 10875 - 10535. What is the remainder when i is divided by 144?
52
Suppose 51*r - 10*r - 1491 = -179. Calculate the remainder when r is divided by 3.
2
Let v(n) = -n**2 + 10*n - 6. Let u be v(9). Suppose 5*q - u = 82. Suppose -13 = -3*h + q. Calculate the remainder when 39 is divided by h.
9
Let a = 159 + -107. Suppose 0 = -b + 2*b + 3, -47 = -c + 3*b. Let k = a - c. Calculate the remainder when 82 is divided by k.
12
Let z = 96 - 48. Suppose -25*a + 27*a - z = 0. Let n(h) = -2*h + 54. What is the remainder when n(a) is divided by 2?
0
Let y = -1 - -3. Suppose -296 = -4*t - s, y*s = -t - t + 142. What is the remainder when t is divided by 264/14 - (-2)/14?
18
Let q = -25 - -27. Let s be (-36)/(-15) + ((-16)/(-10))/(-4). What is the remainder when s + 0/2 - (-7 - -3) is divided by q?
0
Let q(h) = -20*h**2 - 244*h - 27. What is the remainder when 689 is divided by q(-12)?
17
Let u(o) = 3*o - 17. Let j(x) be the second derivative of 2*x**3 - 28*x**2 - 26*x. Let v be j(6). What is the remainder when u(v) is divided by 8?
7
Let m(p) = -p**2 + 11*p. Let j be m(11). Suppose -i + 20 - 3 = j. Suppose -2*n - 2040 + 2138 = 0. What is the remainder when n is divided by i?
15
Suppose 63 = 3*y + 12. What is the remainder when y is divided by 4/13*(-3474 + 3487)?
1
Suppose 10*h + 29 = 59. Suppose -2*x + 7*m = 2*m - 39, h*m = -3*x + 111. Calculate the remainder when x is divided by 7.
4
Suppose 0 = 8*p - 46 - 2. Let g be (2 + 145/1)/(9/p). Let s = g - 80. Calculate the remainder when 88 is divided by s.
16
Let c(o) be the first derivative of -o**4/4 - 29*o**3/3 - 14*o**2 + 50*o + 163. What is the remainder when 447 is divided by c(-28)?
47
Suppose 0 = -18*k + 17*k + 566. Suppose -25*u + k = -284. Calculate the remainder when 158 is divided by u.
22
Suppose 65 - 217 = -4*w. What is the remainder when 151 is divided by w?
37
Suppose 0 = 3*s + 4 - 46. Let t(n) = -22*n**2 - 14*n + 7. Let z be t(5). Let x = 642 + z. Calculate the remainder when x is divided by s.
1
Suppose 201*p + 9163 = 24448 + 34563. What is the remainder when p is divided by 20?
8
Suppose -69*x + x + 2353 = -843. What is the remainder when 2251 is divided by x?
42
Suppose -3 - 65 = c. Let x(j) = -4*j**2 + 5*j - 3. Let t be x(6). Let d = c - t. Calculate the remainder when d is divided by 13.
10
Suppose 2*n + 76*n = 3198. Calculate the remainder when -2*348/(-8)*(-30)/(-18) is divided by n.
22
Suppose 5*d = 4024 + 5816. Suppose 0 = -68*t + 20*t + d. Calculate the remainder when 150 is divided by t.
27
Calculate the remainder when (-1909849)/(-393) - 4/6 is divided by 18.
17
Suppose 14*o - 22053 - 29490 + 9529 = 0. Calculate the remainder when o is divided by 77.
75
Suppose -897*t + 786*t + 4218 = 0. Suppose 2*g - 44 - 102 = 0. Calculate the remainder when g is divided by t.
35
Let d = -2013 - -2058. Calculate the remainder when 6609 is divided by d.
39
Let j(t) be the first derivative of 103*t**3/3 - 3*t**2/2 - 4*t + 2. What is the remainder when j(-1) is divided by 35?
32
Let y be 195/(-26)*12/1. Let g = y - -72. Let x(c) = -5*c - 8. What is the remainder when x(g) is divided by 17?
14
Suppose 2*g - 44 = 56. Suppose 0 = -5*d + 5*v + 135, -3*d + 17*v - 13*v = -78. Calculate the remainder when g is divided by d.
20
Let l(g) = 3*g - 2. Suppose 4*y - 1 = 23. Suppose -1539*m - 94 = -4*p - 1537*m, -4*m + 172 = 4*p. What is the remainder when p is divided by l(y)?
14
Let q(o) = -32*o + 3446. Calculate the remainder when 2919 is divided by q(107).
15
Suppose -15*c - 16*c = -0*c - 2015. Calculate the remainder when c is divided by 18.
11
Let s(o) = -o**3 + 11*o**2 + 7*o - 3. Let v be s(11). Suppose -5*i + 26 + v = 0. Suppose -16*g = -i*g + 44. Calculate the remainder when 39 is divided by g.
6
Suppose h - 4735 = -b, 0 = -h - 5*b + 2957 + 1790. What is the remainder when h is divided by 17?
6
Let k = 4298 - 3689. Calculate the remainder when k is divided by 93.
51
Let k be ((1 - -20) + -1)/(14/14). Suppose -5*t + 70 + k = 0. What is the remainder when 6/((-5)/((-145)/2)) is divided by t?
15
Suppose -c + 3*w + 222 = 2*c, -5*c + 371 = -4*w. Calculate the remainder when c is divided by (-553)/(-21) + 2/(6*-1).
23
Suppose 0 = 7*s - 1128 - 776. Suppose -13*c - 38 = -s. What is the remainder when 58 is divided by c?
4
Let t = 216 - 279. Let b = 25 - t. Calculate the remainder when b is divided by 9.
7
Let o = -41 - -41. Suppose o = -f - 3*f + 20. What is the remainder when 77 is divided by (2/2)/(f/65)?
12
Let z(f) = f**2 + 11*f + 13. Let y be z(-4). Let u be 8/60 + 2/y. What is the remainder when 50 is divided by (4 + u)/((-22)/(-18) - 1)?
14
Let g = -3829 - -3880. What is the remainder when g is divided by 923/52 - (-1)/4?
15
Let k = -2645 - -2654. What is the remainder when 1835 is divided by k?
8
Suppose -1107 = -j - 6*j + 1448. Calculate the remainder when j is divided by 352.
13
Suppose 18 = v + f, -2*v = -v - 2*f - 33. Let y(d) = 22*d + 19 + 0*d + 6 + 32. What is the remainder when v is divided by y(-2)?
10
Let z(m) = m**2 + 91*m + 1236. What is the remainder when 45 is divided by z(-75)?
9
Suppose -6*c - 2194 + 2554 = 0. Let n = 309 - 197. Suppose 4*g - n = 4*j, 136 = 4*g + 3*j + j. What is the remainder when c is divided by g?
29
Let o = 5054 - 5044. Calculate the remainder when 192 is divided by o.
2
Suppose 1323 = 3*c + 3*t, 221*t = 224*t + 6. What is the remainder when c is divided by (33/(-2) + -2)*-2?
36
Calculate the remainder when 31/(-775)*-20*(-430)/(-4) is divided by (36/30)/((-3)/(-10)).
2
What is the remainder when 1190 is divided by (-5 - (12 + -16))*-392?
14
Suppose 0 = 86*z + 2155 - 10583. What is the remainder when z is divided by 34?
30
Let y(g) = -g**2 - 18*g + 218. Let u(l) = 3*l - 57. Calculate the remainder when u(23) is divided by y(-26).
2
Suppose j + 5*c = 205, -5*j - 306*c = -308*c - 1052. What is the remainder when 815 is divided by j?
185
Let t = -35 - -40. Suppose 4*l + 41 = -5*y + 871, -2*l - 800 = -t*y. What is the remainder when y is divided by 99*(3 + 16/(-6) + 0)?
30
Let h = -158 - -176. Suppose h + 507 = 15*o. What is the remainder when 243 is divided by o?
33
Suppose -2*r - x + 5 = -8, -3*r + 9*x + 93 = 0. Calculate the remainder when 419 is divided by r.
9
Suppose c - 2*v + 456 = 0, 12*c - 4*v = 15*c + 1358. Let s = c + 463. Calculate the remainder when 34 is divided by s.
7
Let m(a) = 2*a**3 + 7*a